{"id":690,"date":"2021-11-14T04:53:22","date_gmt":"2021-11-14T04:53:22","guid":{"rendered":"https:\/\/allianceantitrafic.org\/vietnam\/?page_id=690"},"modified":"2026-01-16T03:34:09","modified_gmt":"2026-01-16T03:34:09","slug":"media-press","status":"publish","type":"page","link":"https:\/\/allianceantitrafic.org\/vietnam\/media-press\/","title":{"rendered":"Media: Press"},"content":{"rendered":"\t\t<div data-elementor-type=\"wp-page\" data-elementor-id=\"690\" class=\"elementor elementor-690\" data-elementor-post-type=\"page\">\n\t\t\t\t\t\t<section class=\"elementor-section elementor-top-section elementor-element elementor-element-47650b83 elementor-section-boxed elementor-section-height-default elementor-section-height-default\" data-id=\"47650b83\" data-element_type=\"section\" data-e-type=\"section\" data-settings=\"{&quot;background_background&quot;:&quot;classic&quot;}\">\n\t\t\t\t\t\t<div class=\"elementor-container elementor-column-gap-default\">\n\t\t\t\t\t<div class=\"elementor-column elementor-col-100 elementor-top-column elementor-element elementor-element-533a6b80\" data-id=\"533a6b80\" data-element_type=\"column\" data-e-type=\"column\">\n\t\t\t<div class=\"elementor-widget-wrap elementor-element-populated\">\n\t\t\t\t\t\t<div class=\"elementor-element elementor-element-6676006a elementor-widget elementor-widget-text-editor\" data-id=\"6676006a\" data-element_type=\"widget\" data-e-type=\"widget\" data-widget_type=\"text-editor.default\">\n\t\t\t\t\t\t\t\t\t<ul><li><em>Main articles. (Page in progress)<\/em><\/li><li><a href=\"http:\/\/plo.vn\/xa-hoi\/giao-duc\/be-t-se-duoc-den-truong-759660.html\">-Be T.se duoc den truong. (Vietnamese)<br \/><\/a><a href=\"https:\/\/vimeo.com\/273644408\">-Correspondent Banking Video by Standard Chartered Bank x Liberty Asia | Liberty Global (Vimeo movies English)<\/a><br \/>&#8211;<a href=\"https:\/\/sabrinainsaigon.com\/2016\/01\/21\/georges-blanchard\/\">Georges Blanchard, un humaniste \u00e0 Saigon <\/a>(French)<br \/>&#8211;<a href=\"http:\/\/www.laregion.es\/articulo\/mundo\/salida-escapar-condena-prostitucion-vietnam\/20170906131954734132.html\" target=\"_blank\" rel=\"noopener\">Una salida para escapar de la condena de la prostituci\u00f3n en Vietnam<\/a> (Spanish)<br \/><a href=\"https:\/\/www.globalcitizen.org\/es\/content\/lessons-from-vietnam-how-to-stop-human-trafficking\/\">-Lessons from Vietnam: How to stop human trafficking <\/a><br \/><a href=\"https:\/\/www.opendemocracy.net\/beyondslavery\/nicolas-lainez\/modern-vietnamese-slaves-in-uk-are-raid-and-rescue-operations-appropria\">-Modern Vietnamese slaves in the UK: are raid and rescue operations appropriate?<br \/><\/a><a href=\"http:\/\/www.scmp.com\/lifestyle\/article\/2120339\/singapores-sex-trade-licensed-brothels-sugar-babies-and-laws-you-can-run\">-Singapore\u2019s sex trade: licensed brothels, \u2018sugar babies\u2019, and laws you can run rings around<\/a><br \/>&#8211;<a href=\"http:\/\/plo.vn\/xa-hoi\/chang-trai-phap-giai-cuu-hang-ngan-co-gai-viet-707544.html\">Ch\u00e0ng trai Ph\u00e1p gi\u1ea3i c\u1ee9u h\u00e0ng ng\u00e0n c\u00f4 g\u00e1i Vi\u1ec7t (Shared by more than 20 local newspapers) <\/a>(Vietnamese)<br \/>&#8211;<a href=\"http:\/\/tinhhoa.net\/hang-nghin-phu-nu-viet-thoat-nan-buon-nguoi-va-boc-lot-tinh-duc-nho-1-nguoi-phap.html\">H\u00e0ng ngh\u00ecn ph\u1ee5 n\u1eef Vi\u1ec7t tho\u00e1t n\u1ea1n bu\u00f4n ng\u01b0\u1eddi v\u00e0 b\u00f3c l\u1ed9t t\u00ecnh d\u1ee5c nh\u1edd 1 ng\u01b0\u1eddi Ph\u00e1p <\/a>(Vietnamese)<br \/><a href=\"https:\/\/www.brookes.ac.uk\/hss\/events\/-undocumented-vietnamese-labour-migration-to-the-uk-and-the-modern-slavery-agenda-\/\" target=\"_blank\" rel=\"noopener\">-Oxford Brookes University event (English)<br \/><\/a><a href=\"http:\/\/trandaiquang.org\/mua-ban-nguoi-toi-ac-khong-the-tha-thu.html\">-Mua b\u00e1n ng\u01b0\u1eddi \u2013 t\u1ed9i \u00e1c kh\u00f4ng th\u1ec3 tha th\u1ee9<br \/><\/a><a href=\"http:\/\/thoibao.today\/paper\/nguoi-dan-ong-phap-giai-cuu-hang-nghin-phu-nu-viet-nam-thoat-khoi-nan-buon-ban-va-boc-lot-tinh-duc-1808308\">-Ng\u01b0\u1eddi \u0111\u00e0n \u00f4ng Ph\u00e1p gi\u1ea3i c\u1ee9u h\u00e0ng ngh\u00ecn ph\u1ee5 n\u1eef Vi\u1ec7t Nam<\/a><br \/>&#8211;<a href=\"http:\/\/www.bonne.cc\/spip.php?article78\">Bonne <\/a>(French)<br \/>&#8211;<a href=\"http:\/\/www.talkvietnam.com\/tag\/alliance-anti-trafic\/\">TalkVietnam <\/a>(English)<a href=\"http:\/\/www.talkvietnam.com\/tag\/alliance-anti-trafic\/\"><br \/>&#8211;<\/a><a href=\"http:\/\/counterchildtrafficking.org\/agenda\/georges-blanchard\/\">Counter Child Trafficking <\/a>(English)<a href=\"http:\/\/counterchildtrafficking.org\/agenda\/georges-blanchard\/\"><br \/>&#8211;<\/a><a href=\"http:\/\/www.taipeitimes.com\/News\/editorials\/archives\/2011\/04\/30\/2003502026\">Taipei Times <\/a>(English)<a href=\"http:\/\/www.taipeitimes.com\/News\/editorials\/archives\/2011\/04\/30\/2003502026\"><br \/>&#8211;<\/a><a href=\"http:\/\/s-pores.com\/2013\/05\/is-joo-chiats-little-vietnam-a-thing-of-the-past-nicolas-lainez\/\">Joo Chiat (Singapore) Little Vietnam by Nicolas Lainez <\/a>(English)<a href=\"http:\/\/s-pores.com\/2013\/05\/is-joo-chiats-little-vietnam-a-thing-of-the-past-nicolas-lainez\/\"><br \/>&#8211;<\/a><a href=\"N\u1ea1n%20bu\u00f4n ph\u1ee5 n\u1eef \u0110\u00f4ng Nam \u00c1 l\u00e0m g\u00e1i m\u1ea1i d\u00e2m ng\u00e0y c\u00e0ng nghi\u00eam tr\u1ecdng\">RFI;\u00a0N\u1ea1n bu\u00f4n ph\u1ee5 n\u1eef \u0110\u00f4ng Nam \u00c1 l\u00e0m g\u00e1i m\u1ea1i d\u00e2m ng\u00e0y c\u00e0ng nghi\u00eam tr\u1ecdng <\/a>(Vietnamese)<a href=\"N\u1ea1n%20bu\u00f4n ph\u1ee5 n\u1eef \u0110\u00f4ng Nam \u00c1 l\u00e0m g\u00e1i m\u1ea1i d\u00e2m ng\u00e0y c\u00e0ng nghi\u00eam tr\u1ecdng\"><br \/>&#8211;<\/a><a href=\"http:\/\/www.viet.rfi.fr\/chau-a\/20130501-dong-nam-a-nan-buon-phu-nu-de-lam-nghe-mai-dam-ngay-cang-nghiem-trong\">RFI;\u00a0Trafficking in Southeast Asian women into prostitution increasingly serious <\/a>(English)<br \/>&#8211;<a href=\"http:\/\/www.baomoi.com\/nhung-trai-tim-vi-viet-nam\/c\/13024171.epi\">Nh\u1eefng tr\u00e1i tim v\u00ec Vi\u1ec7t Nam<\/a>(Vietnamese)<br \/>&#8211;<a href=\"http:\/\/hochiminh.usconsulate.gov\/pr-121412.html\" target=\"_blank\" rel=\"noopener\">U.S. Consulate Celebrates Successful Partnerships with Vietnam <\/a>(English)<br \/>&#8211;<a href=\"http:\/\/www.agoravox.fr\/actualites\/international\/article\/tourisme-sexuel-en-asie-si-63398\" target=\"_blank\" rel=\"noopener\">Agoravox; tourisme sexuel en asie <\/a>(French)<a href=\"http:\/\/hochiminh.usconsulate.gov\/pr-121412.html\" target=\"_blank\" rel=\"noopener\"><br \/>&#8211;<\/a><a href=\"http:\/\/www.20minutes.fr\/monde\/1141325-20130419-ho-chi-minh-ville-doit-faire-face-a-prostitution-galopante\">20 Minutes;\u00a0H\u00f4-Chi-Minh-Ville doit faire face \u00e0 une prostitution galopante <\/a>(French)<a href=\"http:\/\/www.20minutes.fr\/monde\/1141325-20130419-ho-chi-minh-ville-doit-faire-face-a-prostitution-galopante\"><br \/>&#8211;<\/a><a href=\"http:\/\/hufo.hochiminhcity.gov.vn\/web\/guest\/phi-chinh-phu;jsessionid=0C833522D7EDB6B43241E6D01F4960C7?p_p_id=EXT_ARTICLEVIEW&amp;p_p_lifecycle=0&amp;p_p_col_id=column-center-2&amp;p_p_col_pos=2&amp;p_p_col_count=7&amp;_EXT_ARTICLEVIEW_groupId=10217&amp;_EXT_ARTICLEVIEW_articleId=142571&amp;_EXT_ARTICLEVIEW_version=1.0&amp;_EXT_ARTICLEVIEW_redirect=%2Fweb%2Fguest%2Fhome\">HUFO Vietnam AAT evaluation 2013 <\/a>(English)<a href=\"http:\/\/hufo.hochiminhcity.gov.vn\/web\/guest\/phi-chinh-phu;jsessionid=0C833522D7EDB6B43241E6D01F4960C7?p_p_id=EXT_ARTICLEVIEW&amp;p_p_lifecycle=0&amp;p_p_col_id=column-center-2&amp;p_p_col_pos=2&amp;p_p_col_count=7&amp;_EXT_ARTICLEVIEW_groupId=10217&amp;_EXT_ARTICLEVIEW_articleId=142571&amp;_EXT_ARTICLEVIEW_version=1.0&amp;_EXT_ARTICLEVIEW_redirect=%2Fweb%2Fguest%2Fhome\"><br \/>&#8211;<\/a><a href=\"http:\/\/hshhpp.pbworks.com\/w\/page\/40656495\/Transacted-Kinship-Vietnamese-Children-Sold-for-Adoption-in-Cambodia\">Transacted Kinship Vietnamese Children Sold for Adoption in Cambodia <\/a>(English)<a href=\"http:\/\/hshhpp.pbworks.com\/w\/page\/40656495\/Transacted-Kinship-Vietnamese-Children-Sold-for-Adoption-in-Cambodia\"><br \/>&#8211;<\/a><a href=\"http:\/\/news.asiaone.com\/News\/Latest%2BNews\/Asia\/Story\/A1Story20110301-265894.html\">Asia One News:\u00a02 surrogate mothers decide to keep their babies <\/a>(English)<a href=\"http:\/\/news.asiaone.com\/News\/Latest%2BNews\/Asia\/Story\/A1Story20110301-265894.html\"><br \/>&#8211;<\/a><a href=\"https:\/\/www.danluan.org\/lien-ket\/20091015\/bao-la-croix-o-viet-nam-nghe-mai-dam-bi-cam-nhung-khong-ngung-gia-tang\">B\u00e1o La-Croix: \u1ede Vi\u1ec7t Nam, ngh\u1ec1 m\u1ea1i d\u00e2m b\u1ecb c\u1ea5m nh\u01b0ng kh\u00f4ng ng\u1eebng gia t\u0103ng <\/a>(Vietnamese)<a href=\"https:\/\/www.danluan.org\/lien-ket\/20091015\/bao-la-croix-o-viet-nam-nghe-mai-dam-bi-cam-nhung-khong-ngung-gia-tang\"><br \/>&#8211;<\/a><a href=\"http:\/\/lecourrier.vnanet.vn\/lecourrier\/fr-fr\/details\/6\/investissement\/56487\/semaine-des-partenaires-publics-et-prives-a-ho-chi-minh-ville.aspx\">Le courrier du Vietnam: Semaine des partenaires publics et priv\u00e9s \u00e0 H\u00f4 Chi Minh-Ville<\/a> (French)<br \/>&#8211;<a href=\"http:\/\/www.baomoi.com\/Nhung-trai-tim-vi-Viet-Nam\/139\/13024171.epi\">Bao Moi:Nh\u1eefng tr\u00e1i tim v\u00ec Vi\u1ec7t Nam <\/a>(Vietnamese)<a href=\"http:\/\/www.baomoi.com\/Nhung-trai-tim-vi-Viet-Nam\/139\/13024171.epi\"><br \/>&#8211;<\/a><a href=\"http:\/\/www.vastuuviikko.fi\/2009\/mita-on-ihmiskauppa\/suomen-lahetysseura-ihmiskaupan-vastaisessa-tyossa-vietnamissa\/\">Suomen L\u00e4hetysseura ihmiskaupan vastaisessa ty\u00f6ss\u00e4 Vietnamissa<\/a> (Finish)<br \/>&#8211;<a href=\"http:\/\/tuyentruyen.dongthap.gov.vn\/index.php\/Cung-ban-luan\/Can-su-ket-noi-cua-cac-duong-day-nong-trong-cong-tac-phong-chong-mua-ban-nguoi.html\">C\u1ea7n s\u1ef1 k\u1ebft n\u1ed1i c\u1ee7a c\u00e1c \u0111\u01b0\u1eddng d\u00e2y n\u00f3ng trong ph\u00f2ng ch\u1ed1ng mua b\u00e1n ng\u01b0\u1eddi <\/a>(Vietnamese)<a href=\"http:\/\/tuyentruyen.dongthap.gov.vn\/index.php\/Cung-ban-luan\/Can-su-ket-noi-cua-cac-duong-day-nong-trong-cong-tac-phong-chong-mua-ban-nguoi.html\"><br \/>&#8211;<\/a><a href=\"http:\/\/allianceantitrafic.org\/news\/?p=583\" target=\"_blank\" rel=\"noopener\">Workshop for experience sharing on fighting against human trafficking in southern key provinces<\/a> (English)<br \/>&#8211;<a href=\"http:\/\/english.vov.vn\/Society\/Helping-human-trafficking-victims-reintegrate-into-society\/265059.vov\" target=\"_blank\" rel=\"noopener\">The voice of Vietnam: Helping human trafficking victims re-integrate into society<\/a> (English)<br \/>&#8211;<a href=\"http:\/\/www.la-croix.com\/Actualite\/Monde\/Au-Vietnam-la-prostitution-est-interdite-et-ne-cesse-d-augmenter-_NG_-2009-10-13-567224\" target=\"_blank\" rel=\"noopener\">La Croix:<\/a> <a href=\"http:\/\/www.la-croix.com\/Actualite\/Monde\/Au-Vietnam-la-prostitution-est-interdite-et-ne-cesse-d-augmenter-_NG_-2009-10-13-567224\" target=\"_blank\" rel=\"noopener\">Au Vietnam, la prostitution est interdite et ne cesse d&#8217;augmenter<\/a> (French)<br \/>&#8211;<a href=\"http:\/\/www.thanhniennews.com\/commentaries\/somaly-mam-goes-down-while-nicholas-kristof-pokes-around-27053.html\" target=\"_blank\" rel=\"noopener\">Than Nhien News: Somaly Mam goes down while Nicholas Kristof &#8216;pokes around&#8217;<\/a> (English)<br \/><a href=\"https:\/\/humantraffickingstatistics.wordpress.com\/2014\/06\/08\/nicholas-kristof-telling-lies-about-sex-trafficking\/\">-humantraffickingstatistics\u00a0 (English)<\/a><br \/>&#8211;<a href=\"http:\/\/fr.vietnamplus.vn\/Home\/HCMVille--Assistance-aux-victimes-dagression-sexuelle\/201112\/20274.vnplus\" target=\"_blank\" rel=\"noopener\">Vietnam +: <span id=\"ctl00_mContent_lbHeadLine\" class=\"catNewsTitle\">HCM-Ville : Assistance aux victimes d&#8217;agression sexuelle<\/span><\/a> (French)<br \/>&#8211;<a href=\"http:\/\/phunuonline.com.vn\/clb-nu-tri-thuc\/\/hoi-sinh-nhung-manh-doi-nbsp-\/a9124.html\" target=\"_blank\" rel=\"noopener\">Phunuonline: H\u1ed3i sinh nh\u1eefng m\u1ea3nh \u0111\u1eddi <\/a>(Vietnamese)<br \/>&#8211;<a href=\"http:\/\/www.parlervietnam.com\/2011\/05\/assistance-aux-victimes-de-la-traite-humaine\/\" target=\"_blank\" rel=\"noopener\">Parler Vietnam: Assistance aux victimes de la traite humaine<\/a> (French)<br \/>&#8211;<a href=\"http:\/\/www.imaginarts.tv\/enterremartiale\/2013\/06\/solidarite-vietnam-avec-haozen\/\" target=\"_blank\" rel=\"noopener\">En Terre Martiale Solidarit\u00e9 Vietnam avec Hoazen<\/a> (French)<br \/>&#8211;<a href=\"http:\/\/www.baocantho.com.vn\/?mod=detnews&amp;catid=77&amp;id=140328\" target=\"_blank\" rel=\"noopener\">Can Tho Online: T\u1ea1o \u0111i\u1ec1u ki\u1ec7n \u0111\u1ec3 ch\u1ecb em ta\u0301i ho\u0300a nh\u00e2\u0323p c\u00f4\u0323ng \u0111\u00f4\u0300ng <\/a>(Vietnamese)<br \/>&#8211;<a href=\"http:\/\/www.baobinhphuoc.com.vn\/Content\/canh-giac-voi-chieu-lua-lam-giau-noi-xu-nguoi-29041\" target=\"_blank\" rel=\"noopener\">Binh Phuoc Online: C\u1ea3nh gi\u00e1c v\u1edbi chi\u00eau l\u1eeba l\u00e0m gi\u00e0u n\u01a1i x\u1ee9 ng\u01b0\u1eddi<\/a> (Vietnamese)<br \/>&#8211;<a href=\"http:\/\/antg.cand.com.vn\/News\/PrintView.aspx?ID=83537\" target=\"_blank\" rel=\"noopener\">Police &amp; world security newspaper: <span id=\"lbHeadline\" class=\"main_title\">C\u00e2u chuy\u1ec7n l\u1edbn \u0111\u1eb1ng sau c\u00e1c chuy\u00ean \u00e1n<\/span><\/a> (Vietnamese)<br \/>&#8211;<a href=\"http:\/\/www.baohaiquan.vn\/pages\/nhieu-chuong-trinh-chong-buon-ban-nguoi-qua-bien-gioi.aspx\" target=\"_blank\" rel=\"noopener\">Haiquan border guard newspaper: Nhi\u1ec1u ch\u01b0\u01a1ng tr\u00ecnh ch\u1ed1ng bu\u00f4n b\u00e1n ng\u01b0\u1eddi qua bi\u00ean gi\u1edbi<\/a> (Vietnamese)<\/li><li><a href=\"http:\/\/www.bienbeau.fr\/L-Atelier-de-couture-se-lance-dans.html\">-C&#8217;est bien beau;\u00a0L\u2019Atelier de couture se lance dans l\u2019aventure <\/a>(French)<a href=\"http:\/\/www.bienbeau.fr\/L-Atelier-de-couture-se-lance-dans.html\"><br \/>&#8211;<\/a><a href=\"http:\/\/www.ecolopop.info\/2012\/02\/mode-ethique-collection-atelier-couture\/14764\">Ecolopop; Mode ethique <\/a>(French)<a href=\"http:\/\/www.ecolopop.info\/2012\/02\/mode-ethique-collection-atelier-couture\/14764\"><br \/>&#8211;<\/a><a href=\"http:\/\/www.entreprises.ouest-france.fr\/article\/mimi-cocotte-deux-soeurs-habillent-petits-brest-02-09-2013-107886\">Entreprise Ouest France; Mini cocotte<\/a> (French)<\/li><\/ul>\t\t\t\t\t\t\t\t<\/div>\n\t\t\t\t<div class=\"elementor-element elementor-element-6b42856 elementor-widget elementor-widget-image\" data-id=\"6b42856\" data-element_type=\"widget\" data-e-type=\"widget\" data-widget_type=\"image.default\">\n\t\t\t\t\t\t\t\t\t\t\t\t\t\t\t<img fetchpriority=\"high\" decoding=\"async\" width=\"269\" height=\"300\" src=\"https:\/\/allianceantitrafic.org\/vietnam\/wp-content\/uploads\/sites\/3\/2023\/11\/CAm-on-cuoc-Doi-LAn-Anh-Pham-269x300-1.png\" class=\"attachment-large size-large wp-image-1379\" alt=\"\" \/>\t\t\t\t\t\t\t\t\t\t\t\t\t\t\t<\/div>\n\t\t\t\t\t<\/div>\n\t\t<\/div>\n\t\t\t\t\t<\/div>\n\t\t<\/section>\n\t\t\t\t<\/div>\n\t\t","protected":false},"excerpt":{"rendered":"<p>Main articles. (Page in progress) -Be T.se duoc den truong. (Vietnamese)-Correspondent Banking Video by Standard Chartered Bank x Liberty Asia | Liberty Global (Vimeo movies English)&#8211;Georges Blanchard, un humaniste \u00e0 Saigon (French)&#8211;Una salida para escapar de la condena de la prostituci\u00f3n en Vietnam (Spanish)-Lessons from Vietnam: How to stop human trafficking -Modern Vietnamese slaves in&hellip;&nbsp;<a href=\"https:\/\/allianceantitrafic.org\/vietnam\/media-press\/\" rel=\"bookmark\">Read More &raquo;<span class=\"screen-reader-text\">Media: Press<\/span><\/a><\/p>\n","protected":false},"author":1,"featured_media":0,"parent":0,"menu_order":0,"comment_status":"closed","ping_status":"closed","template":"page-templates\/template-pagebuilder-full-width.php","meta":{"neve_meta_sidebar":"","neve_meta_container":"","neve_meta_enable_content_width":"","neve_meta_content_width":0,"neve_meta_title_alignment":"","neve_meta_author_avatar":"","neve_post_elements_order":"","neve_meta_disable_header":"","neve_meta_disable_footer":"","neve_meta_disable_title":"","footnotes":""},"class_list":["post-690","page","type-page","status-publish","hentry"],"aioseo_notices":[],"_links":{"self":[{"href":"https:\/\/allianceantitrafic.org\/vietnam\/wp-json\/wp\/v2\/pages\/690","targetHints":{"allow":["GET"]}}],"collection":[{"href":"https:\/\/allianceantitrafic.org\/vietnam\/wp-json\/wp\/v2\/pages"}],"about":[{"href":"https:\/\/allianceantitrafic.org\/vietnam\/wp-json\/wp\/v2\/types\/page"}],"author":[{"embeddable":true,"href":"https:\/\/allianceantitrafic.org\/vietnam\/wp-json\/wp\/v2\/users\/1"}],"replies":[{"embeddable":true,"href":"https:\/\/allianceantitrafic.org\/vietnam\/wp-json\/wp\/v2\/comments?post=690"}],"version-history":[{"count":16,"href":"https:\/\/allianceantitrafic.org\/vietnam\/wp-json\/wp\/v2\/pages\/690\/revisions"}],"predecessor-version":[{"id":1501,"href":"https:\/\/allianceantitrafic.org\/vietnam\/wp-json\/wp\/v2\/pages\/690\/revisions\/1501"}],"wp:attachment":[{"href":"https:\/\/allianceantitrafic.org\/vietnam\/wp-json\/wp\/v2\/media?parent=690"}],"curies":[{"name":"wp","href":"https:\/\/api.w.org\/{rel}","templated":true}]}}