{"id":351,"date":"2021-11-13T11:58:28","date_gmt":"2021-11-13T11:58:28","guid":{"rendered":"https:\/\/allianceantitrafic.org\/vietnam\/?page_id=351"},"modified":"2023-11-01T02:00:55","modified_gmt":"2023-11-01T02:00:55","slug":"aatvn","status":"publish","type":"page","link":"https:\/\/allianceantitrafic.org\/vietnam\/aatvn\/","title":{"rendered":"V\u1ec1 AAT"},"content":{"rendered":"\t\t<div data-elementor-type=\"wp-page\" data-elementor-id=\"351\" class=\"elementor elementor-351\" data-elementor-post-type=\"page\">\n\t\t\t\t\t\t<section class=\"elementor-section elementor-top-section elementor-element elementor-element-45a3700 elementor-section-full_width elementor-section-height-default elementor-section-height-default\" data-id=\"45a3700\" data-element_type=\"section\" data-e-type=\"section\" data-settings=\"{&quot;background_background&quot;:&quot;classic&quot;}\">\n\t\t\t\t\t\t<div class=\"elementor-container elementor-column-gap-default\">\n\t\t\t\t\t<div class=\"elementor-column elementor-col-100 elementor-top-column elementor-element elementor-element-439c2215\" data-id=\"439c2215\" data-element_type=\"column\" data-e-type=\"column\">\n\t\t\t<div class=\"elementor-widget-wrap elementor-element-populated\">\n\t\t\t\t\t\t<div class=\"elementor-element elementor-element-10691207 elementor-widget elementor-widget-heading\" data-id=\"10691207\" data-element_type=\"widget\" data-e-type=\"widget\" data-widget_type=\"heading.default\">\n\t\t\t\t\t<h1 class=\"elementor-heading-title elementor-size-default\">LI\u00caN MINH PH\u00d2NG CH\u1ed0NG BU\u00d4N B\u00c1N NG\u01af\u1edcI <\/h1>\t\t\t\t<\/div>\n\t\t\t\t<section class=\"elementor-section elementor-inner-section elementor-element elementor-element-6dd6a2c2 elementor-section-boxed elementor-section-height-default elementor-section-height-default\" data-id=\"6dd6a2c2\" data-element_type=\"section\" data-e-type=\"section\">\n\t\t\t\t\t\t<div class=\"elementor-container elementor-column-gap-default\">\n\t\t\t\t\t<div class=\"elementor-column elementor-col-33 elementor-inner-column elementor-element elementor-element-785c5041\" data-id=\"785c5041\" data-element_type=\"column\" data-e-type=\"column\">\n\t\t\t<div class=\"elementor-widget-wrap elementor-element-populated\">\n\t\t\t\t\t\t<div class=\"elementor-element elementor-element-5d03e1a6 elementor-widget elementor-widget-image\" data-id=\"5d03e1a6\" data-element_type=\"widget\" data-e-type=\"widget\" data-widget_type=\"image.default\">\n\t\t\t\t\t\t\t\t\t\t\t\t\t\t\t<img decoding=\"async\" src=\"https:\/\/allianceantitrafic.org\/vietnam\/wp-content\/uploads\/sites\/3\/elementor\/thumbs\/AATIcon512-pfr5x7nfcrj9fkv29ejdx8g1nt2feh73h0lmtf0idc.png\" title=\"AATIcon512\" alt=\"AATIcon512\" loading=\"lazy\" \/>\t\t\t\t\t\t\t\t\t\t\t\t\t\t\t<\/div>\n\t\t\t\t\t<\/div>\n\t\t<\/div>\n\t\t\t\t<div class=\"elementor-column elementor-col-33 elementor-inner-column elementor-element elementor-element-dae0a23\" data-id=\"dae0a23\" data-element_type=\"column\" data-e-type=\"column\">\n\t\t\t<div class=\"elementor-widget-wrap elementor-element-populated\">\n\t\t\t\t\t\t<div class=\"elementor-element elementor-element-6d3a3bac elementor-widget elementor-widget-heading\" data-id=\"6d3a3bac\" data-element_type=\"widget\" data-e-type=\"widget\" data-widget_type=\"heading.default\">\n\t\t\t\t\t<h3 class=\"elementor-heading-title elementor-size-default\">MINI SITE ti\u1ebfng vi\u1ec7t<\/h3>\t\t\t\t<\/div>\n\t\t\t\t\t<\/div>\n\t\t<\/div>\n\t\t\t\t<div class=\"elementor-column elementor-col-33 elementor-inner-column elementor-element elementor-element-4f7a0613\" data-id=\"4f7a0613\" data-element_type=\"column\" data-e-type=\"column\">\n\t\t\t<div class=\"elementor-widget-wrap elementor-element-populated\">\n\t\t\t\t\t\t<div class=\"elementor-element elementor-element-6441969 elementor-shape-rounded elementor-grid-0 e-grid-align-center elementor-widget elementor-widget-social-icons\" data-id=\"6441969\" data-element_type=\"widget\" data-e-type=\"widget\" data-widget_type=\"social-icons.default\">\n\t\t\t\t\t\t\t<div class=\"elementor-social-icons-wrapper elementor-grid\" role=\"list\">\n\t\t\t\t\t\t\t<span class=\"elementor-grid-item\" role=\"listitem\">\n\t\t\t\t\t<a class=\"elementor-icon elementor-social-icon elementor-social-icon-facebook elementor-repeater-item-edad58c\" href=\"https:\/\/www.facebook.com\/aatvietnam\/\" target=\"_blank\">\n\t\t\t\t\t\t<span class=\"elementor-screen-only\">Facebook<\/span>\n\t\t\t\t\t\t<i aria-hidden=\"true\" class=\"fab fa-facebook\"><\/i>\t\t\t\t\t<\/a>\n\t\t\t\t<\/span>\n\t\t\t\t\t\t\t<span class=\"elementor-grid-item\" role=\"listitem\">\n\t\t\t\t\t<a class=\"elementor-icon elementor-social-icon elementor-social-icon-facebook elementor-repeater-item-f973957\" href=\"https:\/\/www.facebook.com\/GDGTVN\" target=\"_blank\">\n\t\t\t\t\t\t<span class=\"elementor-screen-only\">Facebook<\/span>\n\t\t\t\t\t\t<i aria-hidden=\"true\" class=\"fab fa-facebook\"><\/i>\t\t\t\t\t<\/a>\n\t\t\t\t<\/span>\n\t\t\t\t\t\t\t<span class=\"elementor-grid-item\" role=\"listitem\">\n\t\t\t\t\t<a class=\"elementor-icon elementor-social-icon elementor-social-icon-youtube elementor-repeater-item-1ac2df6\" href=\"https:\/\/www.youtube.com\/c\/AllianceAntiTraficVietnam\" target=\"_blank\">\n\t\t\t\t\t\t<span class=\"elementor-screen-only\">Youtube<\/span>\n\t\t\t\t\t\t<i aria-hidden=\"true\" class=\"fab fa-youtube\"><\/i>\t\t\t\t\t<\/a>\n\t\t\t\t<\/span>\n\t\t\t\t\t<\/div>\n\t\t\t\t\t\t<\/div>\n\t\t\t\t\t<\/div>\n\t\t<\/div>\n\t\t\t\t\t<\/div>\n\t\t<\/section>\n\t\t\t\t\t<\/div>\n\t\t<\/div>\n\t\t\t\t\t<\/div>\n\t\t<\/section>\n\t\t\t\t<section class=\"elementor-section elementor-top-section elementor-element elementor-element-d9f66cd elementor-section-boxed elementor-section-height-default elementor-section-height-default\" data-id=\"d9f66cd\" data-element_type=\"section\" data-e-type=\"section\" data-settings=\"{&quot;background_background&quot;:&quot;classic&quot;}\">\n\t\t\t\t\t\t<div class=\"elementor-container elementor-column-gap-default\">\n\t\t\t\t\t<div class=\"elementor-column elementor-col-100 elementor-top-column elementor-element elementor-element-cc367ae\" data-id=\"cc367ae\" data-element_type=\"column\" data-e-type=\"column\">\n\t\t\t<div class=\"elementor-widget-wrap elementor-element-populated\">\n\t\t\t\t\t\t<section class=\"elementor-section elementor-inner-section elementor-element elementor-element-5d5cc42 elementor-section-boxed elementor-section-height-default elementor-section-height-default\" data-id=\"5d5cc42\" data-element_type=\"section\" data-e-type=\"section\">\n\t\t\t\t\t\t<div class=\"elementor-container elementor-column-gap-default\">\n\t\t\t\t\t<div class=\"elementor-column elementor-col-50 elementor-inner-column elementor-element elementor-element-e225e73\" data-id=\"e225e73\" data-element_type=\"column\" data-e-type=\"column\">\n\t\t\t<div class=\"elementor-widget-wrap elementor-element-populated\">\n\t\t\t\t\t\t<div class=\"elementor-element elementor-element-2092e19 elementor-widget elementor-widget-heading\" data-id=\"2092e19\" data-element_type=\"widget\" data-e-type=\"widget\" data-widget_type=\"heading.default\">\n\t\t\t\t\t<h1 class=\"elementor-heading-title elementor-size-default\">V\u1ec1 AAT:<\/h1>\t\t\t\t<\/div>\n\t\t\t\t\t<\/div>\n\t\t<\/div>\n\t\t\t\t<div class=\"elementor-column elementor-col-50 elementor-inner-column elementor-element elementor-element-b6a77e1\" data-id=\"b6a77e1\" data-element_type=\"column\" data-e-type=\"column\">\n\t\t\t<div class=\"elementor-widget-wrap\">\n\t\t\t\t\t\t\t<\/div>\n\t\t<\/div>\n\t\t\t\t\t<\/div>\n\t\t<\/section>\n\t\t\t\t<div class=\"elementor-element elementor-element-33ccc44 elementor-widget elementor-widget-heading\" data-id=\"33ccc44\" data-element_type=\"widget\" data-e-type=\"widget\" data-widget_type=\"heading.default\">\n\t\t\t\t\t<h2 class=\"elementor-heading-title elementor-size-default\"> M\u1ee5c ti\u00eau:<\/h2>\t\t\t\t<\/div>\n\t\t\t\t<div class=\"elementor-element elementor-element-61419f7 elementor-widget elementor-widget-text-editor\" data-id=\"61419f7\" data-element_type=\"widget\" data-e-type=\"widget\" data-widget_type=\"text-editor.default\">\n\t\t\t\t\t\t\t\t\t<p><span class=\"JsGRdQ\">\u2023 X\u00f3a b\u1ecf c\u00e1c h\u00ecnh th\u1ee9c b\u00f3c l\u1ed9t t\u00ecnh d\u1ee5c v\u1edbi ph\u1ee5 n\u1eef v\u00e0 tr\u1ebb em t\u1ea1i khu v\u1ef1c \u0110\u00f4ng Nam \u00c1.<\/span><\/p>\t\t\t\t\t\t\t\t<\/div>\n\t\t\t\t<div class=\"elementor-element elementor-element-9d5425e elementor-widget elementor-widget-heading\" data-id=\"9d5425e\" data-element_type=\"widget\" data-e-type=\"widget\" data-widget_type=\"heading.default\">\n\t\t\t\t\t<h2 class=\"elementor-heading-title elementor-size-default\">   Nhi\u1ec7m v\u1ee5:<\/h2>\t\t\t\t<\/div>\n\t\t\t\t<div class=\"elementor-element elementor-element-69efb14 elementor-widget elementor-widget-text-editor\" data-id=\"69efb14\" data-element_type=\"widget\" data-e-type=\"widget\" data-widget_type=\"text-editor.default\">\n\t\t\t\t\t\t\t\t\t<p><span class=\"JsGRdQ\">\u2023 Gi\u00e1o d\u1ee5c ph\u00f2ng ng\u1eeba c\u00e1c<\/span> <span class=\"JsGRdQ\">nguy c\u01a1; h\u1ed7 tr\u1ee3 v\u00e0 b\u1ea3o v\u1ec7 c\u00e1c c\u1ed9ng \u0111\u1ed3ng d\u1ec5 b\u1ecb t\u1ed5n th\u01b0\u01a1ng nh\u1ea5t.<\/span><\/p>\t\t\t\t\t\t\t\t<\/div>\n\t\t\t\t<div class=\"elementor-element elementor-element-051483e elementor-widget elementor-widget-heading\" data-id=\"051483e\" data-element_type=\"widget\" data-e-type=\"widget\" data-widget_type=\"heading.default\">\n\t\t\t\t\t<h2 class=\"elementor-heading-title elementor-size-default\">S\u1ef1 ghi nh\u1eadn:<\/h2>\t\t\t\t<\/div>\n\t\t\t\t<div class=\"elementor-element elementor-element-94299c5 elementor-widget elementor-widget-text-editor\" data-id=\"94299c5\" data-element_type=\"widget\" data-e-type=\"widget\" data-widget_type=\"text-editor.default\">\n\t\t\t\t\t\t\t\t\t<ul><li class=\"_04xlpA direction-ltr align-start para-style-body\"><span class=\"JsGRdQ\">Th\u1eafng gi\u1ea3i c\u00fap Nh\u00e2n \u0110\u1ea1o v\u00e0 X\u00e3 H\u1ed9i Qu\u1ed1c t\u1ebf l\u1ea7n th\u1ee9 8 t\u1ea1i Ph\u00e1p n\u0103m 2020 v\u00e0 khu v\u1ef1c ch\u00e2u \u00c1 &#8211; Th\u00e1i B\u00ecnh <\/span><span class=\"JsGRdQ\">D\u01b0\u01a1ng n\u0103m 2019.<\/span><\/li><li class=\"_04xlpA direction-ltr align-start para-style-body\"><span class=\"JsGRdQ\">\u0110\u01b0\u1ee3c \u0111\u1ec1 c\u1eed v\u00e0o v\u00f2ng chung k\u1ebft Gi\u1ea3i Th\u01b0\u1edfng T\u00e1c \u0110\u1ed9ng <\/span><span class=\"JsGRdQ\">X\u00e3 H\u1ed9i IFC n\u0103m 2017.<\/span><\/li><li class=\"_04xlpA direction-ltr align-start para-style-body\"><span class=\"JsGRdQ\">\u0110\u01b0\u1ee3c trao t\u1eb7ng 4 hu\u00e2n ch\u01b0\u01a1ng danh d\u1ef1 b\u1edfi th\u1ee7 <\/span><span class=\"JsGRdQ\">t\u01b0\u1edbng Nguy\u1ec5n T\u1ea5n D\u0169ng.<\/span><\/li><\/ul>\t\t\t\t\t\t\t\t<\/div>\n\t\t\t\t<div class=\"elementor-element elementor-element-f9ba8bb elementor-widget elementor-widget-heading\" data-id=\"f9ba8bb\" data-element_type=\"widget\" data-e-type=\"widget\" data-widget_type=\"heading.default\">\n\t\t\t\t\t<h2 class=\"elementor-heading-title elementor-size-default\">MEDIA:<\/h2>\t\t\t\t<\/div>\n\t\t\t\t<div class=\"elementor-element elementor-element-db42a7b elementor-widget elementor-widget-text-editor\" data-id=\"db42a7b\" data-element_type=\"widget\" data-e-type=\"widget\" data-widget_type=\"text-editor.default\">\n\t\t\t\t\t\t\t\t\t<p><span class=\"JsGRdQ\">&#8211; AAT nh\u1eadn \u0111\u01b0\u1ee3c quan t\u00e2m r\u1ed9ng r\u00e3i tr\u00ean c\u00e1c ph\u01b0\u01a1ng ti\u1ec7n \u0111\u1ea1i ch\u00fang Vi\u1ec7t Nam v\u1edbi h\u01a1n 500 l\u01b0\u1ee3t ph\u00e1t s\u00f3ng tr\u00ean truy\u1ec1n h\u00ecnh ti\u1ebfp c\u1eadn h\u00e0ng tri\u1ec7u l\u01b0\u1ee3t xem.<\/span><\/p>\t\t\t\t\t\t\t\t<\/div>\n\t\t\t\t<div class=\"elementor-element elementor-element-16d5e8e elementor-widget elementor-widget-button\" data-id=\"16d5e8e\" data-element_type=\"widget\" data-e-type=\"widget\" data-widget_type=\"button.default\">\n\t\t\t\t\t\t\t\t\t\t<a class=\"elementor-button elementor-button-link elementor-size-sm\" href=\"https:\/\/allianceantitrafic.org\/vietnam\/wdb-vn\/\">\n\t\t\t\t\t\t<span class=\"elementor-button-content-wrapper\">\n\t\t\t\t\t\t\t\t\t<span class=\"elementor-button-text\">C\u00c1C HO\u1ea0T \u0110\u1ed8NG:<\/span>\n\t\t\t\t\t<\/span>\n\t\t\t\t\t<\/a>\n\t\t\t\t\t\t\t\t<\/div>\n\t\t\t\t\t<\/div>\n\t\t<\/div>\n\t\t\t\t\t<\/div>\n\t\t<\/section>\n\t\t\t\t<\/div>\n\t\t","protected":false},"excerpt":{"rendered":"<p>LI\u00caN MINH PH\u00d2NG CH\u1ed0NG BU\u00d4N B\u00c1N NG\u01af\u1edcI MINI SITE ti\u1ebfng vi\u1ec7t Facebook Facebook Youtube V\u1ec1 AAT: M\u1ee5c ti\u00eau: \u2023 X\u00f3a b\u1ecf c\u00e1c h\u00ecnh th\u1ee9c b\u00f3c l\u1ed9t t\u00ecnh d\u1ee5c v\u1edbi ph\u1ee5 n\u1eef v\u00e0 tr\u1ebb em t\u1ea1i khu v\u1ef1c \u0110\u00f4ng Nam \u00c1. Nhi\u1ec7m v\u1ee5: \u2023 Gi\u00e1o d\u1ee5c ph\u00f2ng ng\u1eeba c\u00e1c nguy c\u01a1; h\u1ed7 tr\u1ee3 v\u00e0 b\u1ea3o v\u1ec7&hellip;&nbsp;<a href=\"https:\/\/allianceantitrafic.org\/vietnam\/aatvn\/\" rel=\"bookmark\">Read More &raquo;<span class=\"screen-reader-text\">V\u1ec1 AAT<\/span><\/a><\/p>\n","protected":false},"author":1,"featured_media":0,"parent":0,"menu_order":0,"comment_status":"closed","ping_status":"closed","template":"page-templates\/template-pagebuilder-full-width.php","meta":{"neve_meta_sidebar":"","neve_meta_container":"","neve_meta_enable_content_width":"","neve_meta_content_width":0,"neve_meta_title_alignment":"","neve_meta_author_avatar":"","neve_post_elements_order":"","neve_meta_disable_header":"","neve_meta_disable_footer":"","neve_meta_disable_title":"","footnotes":""},"class_list":["post-351","page","type-page","status-publish","hentry"],"aioseo_notices":[],"_links":{"self":[{"href":"https:\/\/allianceantitrafic.org\/vietnam\/wp-json\/wp\/v2\/pages\/351","targetHints":{"allow":["GET"]}}],"collection":[{"href":"https:\/\/allianceantitrafic.org\/vietnam\/wp-json\/wp\/v2\/pages"}],"about":[{"href":"https:\/\/allianceantitrafic.org\/vietnam\/wp-json\/wp\/v2\/types\/page"}],"author":[{"embeddable":true,"href":"https:\/\/allianceantitrafic.org\/vietnam\/wp-json\/wp\/v2\/users\/1"}],"replies":[{"embeddable":true,"href":"https:\/\/allianceantitrafic.org\/vietnam\/wp-json\/wp\/v2\/comments?post=351"}],"version-history":[{"count":53,"href":"https:\/\/allianceantitrafic.org\/vietnam\/wp-json\/wp\/v2\/pages\/351\/revisions"}],"predecessor-version":[{"id":1337,"href":"https:\/\/allianceantitrafic.org\/vietnam\/wp-json\/wp\/v2\/pages\/351\/revisions\/1337"}],"wp:attachment":[{"href":"https:\/\/allianceantitrafic.org\/vietnam\/wp-json\/wp\/v2\/media?parent=351"}],"curies":[{"name":"wp","href":"https:\/\/api.w.org\/{rel}","templated":true}]}}