{"id":103,"date":"2021-11-09T17:05:19","date_gmt":"2021-11-09T10:05:19","guid":{"rendered":"https:\/\/allianceantitrafic.org\/france\/?page_id=103"},"modified":"2023-11-02T10:11:59","modified_gmt":"2023-11-02T03:11:59","slug":"la-sante","status":"publish","type":"page","link":"https:\/\/allianceantitrafic.org\/france\/la-sante\/","title":{"rendered":"La Sant\u00e9"},"content":{"rendered":"\t\t<div data-elementor-type=\"wp-page\" data-elementor-id=\"103\" class=\"elementor elementor-103\" data-elementor-post-type=\"page\">\n\t\t\t\t\t\t<section class=\"elementor-section elementor-top-section elementor-element elementor-element-f523c8d elementor-section-boxed elementor-section-height-default elementor-section-height-default\" data-id=\"f523c8d\" data-element_type=\"section\" data-e-type=\"section\">\n\t\t\t\t\t\t<div class=\"elementor-container elementor-column-gap-default\">\n\t\t\t\t\t<div class=\"elementor-column elementor-col-100 elementor-top-column elementor-element elementor-element-6623260\" data-id=\"6623260\" data-element_type=\"column\" data-e-type=\"column\">\n\t\t\t<div class=\"elementor-widget-wrap elementor-element-populated\">\n\t\t\t\t\t\t<div class=\"elementor-element elementor-element-d7bac1c elementor-widget elementor-widget-heading\" data-id=\"d7bac1c\" data-element_type=\"widget\" data-e-type=\"widget\" data-widget_type=\"heading.default\">\n\t\t\t\t\t<h2 class=\"elementor-heading-title elementor-size-default\">LA SANTE<\/h2>\t\t\t\t<\/div>\n\t\t\t\t\t<\/div>\n\t\t<\/div>\n\t\t\t\t\t<\/div>\n\t\t<\/section>\n\t\t\t\t<section class=\"elementor-section elementor-top-section elementor-element elementor-element-3811ca1b elementor-section-boxed elementor-section-height-default elementor-section-height-default\" data-id=\"3811ca1b\" data-element_type=\"section\" data-e-type=\"section\">\n\t\t\t\t\t\t<div class=\"elementor-container elementor-column-gap-default\">\n\t\t\t\t\t<div class=\"elementor-column elementor-col-100 elementor-top-column elementor-element elementor-element-2612f933\" data-id=\"2612f933\" data-element_type=\"column\" data-e-type=\"column\" data-settings=\"{&quot;background_background&quot;:&quot;classic&quot;}\">\n\t\t\t<div class=\"elementor-widget-wrap elementor-element-populated\">\n\t\t\t\t\t\t<div class=\"elementor-element elementor-element-a6a6a53 elementor-widget elementor-widget-text-editor\" data-id=\"a6a6a53\" data-element_type=\"widget\" data-e-type=\"widget\" data-widget_type=\"text-editor.default\">\n\t\t\t\t\t\t\t\t\t<p><span class=\"stylefont\"><a href=\"http:\/\/www.aidsmap.com\/org\/04916c2c-9a77-4e27-8d7c-33410ade3f82\/page\/1411896\/\">Nous sommes enregist\u00e9 comme organisation de sant\u00e9 \u00e0:<\/a><\/span><a href=\"http:\/\/www.aidsmap.com\/org\/04916c2c-9a77-4e27-8d7c-33410ade3f82\/page\/1411896\/\"><img decoding=\"async\" class=\"alignright\" src=\"https:\/\/allianceantitrafic.org\/france\/wp-content\/uploads\/sites\/2\/2021\/11\/nam-aidsmap.jpg\" alt=\"nam\" width=\"288\" height=\"109\" \/><\/a><\/p>\t\t\t\t\t\t\t\t<\/div>\n\t\t\t\t<section class=\"elementor-section elementor-inner-section elementor-element elementor-element-27561eb elementor-section-boxed elementor-section-height-default elementor-section-height-default\" data-id=\"27561eb\" data-element_type=\"section\" data-e-type=\"section\">\n\t\t\t\t\t\t<div class=\"elementor-container elementor-column-gap-default\">\n\t\t\t\t\t<div class=\"elementor-column elementor-col-50 elementor-inner-column elementor-element elementor-element-a072b45\" data-id=\"a072b45\" data-element_type=\"column\" data-e-type=\"column\">\n\t\t\t<div class=\"elementor-widget-wrap elementor-element-populated\">\n\t\t\t\t\t\t<div class=\"elementor-element elementor-element-fd1acbf elementor-widget elementor-widget-text-editor\" data-id=\"fd1acbf\" data-element_type=\"widget\" data-e-type=\"widget\" data-widget_type=\"text-editor.default\">\n\t\t\t\t\t\t\t\t\t<p>La sant\u00e9 est une mission importante d&rsquo;Alliance Anti-Trafic. Elle est sans doute la condition aillant le plus d&rsquo;influence pour permettre le succ\u00e8s de l&rsquo;evolution de nos b\u00e9n\u00e9ficiaires dans leurs projets de d\u00e9veloppement individuel. Tous nos b\u00e9n\u00e9ficiaires ou presque ont a souffrir de probl\u00e8mes de sant\u00e9.<\/p><p>Ainsi, tous nos b\u00e9n\u00e9ficiaires re\u00e7oivent un soutien pour un examen de sant\u00e9 et un traitement ou une op\u00e9ration chirugicale si n\u00e9cessaire.<br \/>Nous ne fournissons pas directement des services de sant\u00e9 et nous cooperons avec les services locaux et les h\u00f4pitaux sp\u00e9cialis\u00e9s existants.<\/p>\t\t\t\t\t\t\t\t<\/div>\n\t\t\t\t\t<\/div>\n\t\t<\/div>\n\t\t\t\t<div class=\"elementor-column elementor-col-50 elementor-inner-column elementor-element elementor-element-56425c9\" data-id=\"56425c9\" data-element_type=\"column\" data-e-type=\"column\">\n\t\t\t<div class=\"elementor-widget-wrap elementor-element-populated\">\n\t\t\t\t\t\t<div class=\"elementor-element elementor-element-916c344 elementor-widget elementor-widget-text-editor\" data-id=\"916c344\" data-element_type=\"widget\" data-e-type=\"widget\" data-widget_type=\"text-editor.default\">\n\t\t\t\t\t\t\t\t\t<p>Nous intervenons directement en pr\u00e9vention gr\u00e2ce aux actions men\u00e9es avec les femmes impliqu\u00e9es dans la prostitution par l&rsquo;attribution de pr\u00e9servatifs mais pas uniquement et avec les adolescents grace \u00e0 l\u2019\u00e9ducation \u00e0 la sant\u00e9 reproductive, aux risques li\u00e9s \u00e0 la sexualit\u00e9 et \u00e0 l&rsquo;hygi\u00e8ne dans les \u00e9coles et les communaut\u00e9s.<\/p><p><strong>Quand le service d&rsquo;assurance sant\u00e9 est accessible dans les pays o\u00f9 nous travaillons, nous offrons une assurance sant\u00e9 et accident \u00e0 nos b\u00e9n\u00e9ficiaires, principalement aux enfants.<\/strong><\/p>\t\t\t\t\t\t\t\t<\/div>\n\t\t\t\t\t<\/div>\n\t\t<\/div>\n\t\t\t\t\t<\/div>\n\t\t<\/section>\n\t\t\t\t\t<\/div>\n\t\t<\/div>\n\t\t\t\t\t<\/div>\n\t\t<\/section>\n\t\t\t\t<\/div>\n\t\t","protected":false},"excerpt":{"rendered":"<p>LA SANTE Nous sommes enregist\u00e9 comme organisation de sant\u00e9 \u00e0: La sant\u00e9 est une mission importante d&rsquo;Alliance Anti-Trafic. Elle est sans doute la condition aillant le plus d&rsquo;influence pour permettre le succ\u00e8s de l&rsquo;evolution de nos b\u00e9n\u00e9ficiaires dans leurs projets de d\u00e9veloppement individuel. Tous nos b\u00e9n\u00e9ficiaires ou presque ont a souffrir de probl\u00e8mes de sant\u00e9.&hellip;&nbsp;<a href=\"https:\/\/allianceantitrafic.org\/france\/la-sante\/\" rel=\"bookmark\">Lire la suite &raquo;<span class=\"screen-reader-text\">La Sant\u00e9<\/span><\/a><\/p>\n","protected":false},"author":1,"featured_media":0,"parent":0,"menu_order":0,"comment_status":"closed","ping_status":"closed","template":"page-templates\/template-pagebuilder-full-width.php","meta":{"neve_meta_sidebar":"","neve_meta_container":"","neve_meta_enable_content_width":"","neve_meta_content_width":0,"neve_meta_title_alignment":"","neve_meta_author_avatar":"","neve_post_elements_order":"","neve_meta_disable_header":"","neve_meta_disable_footer":"","neve_meta_disable_title":"","footnotes":""},"class_list":["post-103","page","type-page","status-publish","hentry"],"aioseo_notices":[],"_links":{"self":[{"href":"https:\/\/allianceantitrafic.org\/france\/wp-json\/wp\/v2\/pages\/103","targetHints":{"allow":["GET"]}}],"collection":[{"href":"https:\/\/allianceantitrafic.org\/france\/wp-json\/wp\/v2\/pages"}],"about":[{"href":"https:\/\/allianceantitrafic.org\/france\/wp-json\/wp\/v2\/types\/page"}],"author":[{"embeddable":true,"href":"https:\/\/allianceantitrafic.org\/france\/wp-json\/wp\/v2\/users\/1"}],"replies":[{"embeddable":true,"href":"https:\/\/allianceantitrafic.org\/france\/wp-json\/wp\/v2\/comments?post=103"}],"version-history":[{"count":7,"href":"https:\/\/allianceantitrafic.org\/france\/wp-json\/wp\/v2\/pages\/103\/revisions"}],"predecessor-version":[{"id":511,"href":"https:\/\/allianceantitrafic.org\/france\/wp-json\/wp\/v2\/pages\/103\/revisions\/511"}],"wp:attachment":[{"href":"https:\/\/allianceantitrafic.org\/france\/wp-json\/wp\/v2\/media?parent=103"}],"curies":[{"name":"wp","href":"https:\/\/api.w.org\/{rel}","templated":true}]}}